 greatest common divisor of q and l?
1
Let t be 10 - 5 - (1 - -1). Suppose 3 = i, -7*h + 628 = -t*h - 4*i. Calculate the greatest common factor of h and 20.
20
Suppose -2*y - b = -28, b + 10 + 22 = 3*y. What is the highest common factor of 60 and y?
12
Suppose 3 = 3*i - 9. Suppose h + i*y = 16, -2*h + h - 2*y + 20 = 0. What is the greatest common divisor of 3 and h?
3
Let b(o) = -o + 20. Let l be b(17). Calculate the greatest common divisor of 33 and l.
3
Let q = 42 + -12. What is the highest common divisor of 30 and q?
30
Let m be (-3)/9 - 20/(-6). Suppose -m = -a + 123. Suppose 2*s = 2*x - 32, 3*x = 6*x + 2*s - 38. What is the highest common divisor of x and a?
14
Let f(w) = w**3 + w**2 + w + 1. Let h be f(0). Let x(p) = 6*p**2. Let y be x(h). What is the highest common divisor of 2 and y?
2
Let f(h) = h**2 - 5*h - 2. Let m be f(6). Let t(c) = -2 + 3 + 16*c - 6*c - 7*c. Let r be t(m). Calculate the greatest common divisor of r and 13.
13
Let s = 64 + -54. What is the greatest common divisor of s and 5?
5
Let j(t) = -6*t - 6. Let c be j(-2). What is the highest common factor of c and 48?
6
Let t be 28/5*(-45)/(-9). What is the highest common divisor of t and 7?
7
Suppose -19 + 83 = 4*f. Calculate the highest common factor of 112 and f.
16
Let d(k) = k**2 - 13*k + 15. Let y be d(13). Suppose -2*f + 45 = -15. Calculate the greatest common factor of y and f.
15
Let i be 3*(2 - (-15)/(-9)). Suppose 3*b = -2*b - 4*w + 41, 4*w - 5 = -b. What is the highest common factor of i and b?
1
Suppose -4*p - 3*m + 6 = -3*p, 0 = 3*p + 2*m - 32. Calculate the greatest common divisor of 12 and p.
12
Suppose n - 3*f = -2, -4*f - 34 = -8*n + 3*n. What is the highest common factor of 20 and n?
10
Suppose -5*u + 0 = n - 2, -24 = 2*n - 4*u. Let p be -1 - 3 - (0 + -1). Let o = p - n. What is the highest common divisor of o and 5?
5
Suppose -4 = -2*f + 6. Suppose 0 = f*p - 187 - 473. Suppose 4*m - 4*j = 36, 3*j - 8 = 1. Calculate the highest common factor of m and p.
12
Let o(h) = -7*h + 3. Let g be o(-7). Suppose g = -4*m + 8*m. What is the greatest common factor of m and 117?
13
Let z(i) = -i**2 + 13*i - 14. Let g be z(11). Calculate the greatest common divisor of g and 20.
4
Let n be (512/36 - -1) + (-10)/45. What is the greatest common factor of n and 45?
15
Let y = -4 - -4. Suppose y*x + 735 = 5*x. What is the highest common factor of 21 and x?
21
Let u(y) = y**2 + 3*y - 5. Let n be -2*4 + 1 + 1. Let q be u(n). What is the greatest common divisor of q and 52?
13
Suppose z - 14 = 29. Calculate the highest common divisor of 86 and z.
43
Let d be 1 - 18/(-1) - -1. Suppose 0 = 5*s - 4*y - 32, 2*s - 5*s + 4*y = -16. Calculate the greatest common factor of s and d.
4
Suppose -8*o = -6*o - 60. What is the highest common divisor of 15 and o?
15
Let v(h) = -20*h + 2. Let l be v(-5). Calculate the greatest common divisor of 34 and l.
34
Let h(i) = 14*i + 1. Let f be h(7). What is the greatest common factor of f and 11?
11
Let d(x) = -x**3 - 6*x**2 + 4*x - 3. Let z be d(-7). Let n = -5 + 17. What is the highest common factor of z and n?
6
Let g = -1 + 2. Let i be 15 + 1 - (g - -1). Let z(k) = 17*k - 26. Let d be z(4). Calculate the greatest common divisor of i and d.
14
Suppose 3*o = o + 6. Suppose -i - i = -8. Let p be 1/o - i/(-6). Calculate the highest common divisor of p and 4.
1
Suppose -q = q - 26. Let n = 32 - 19. What is the highest common factor of q and n?
13
Let i = 1 - -25. Suppose a - 82 = -42. Let s = a - i. Calculate the highest common factor of 14 and s.
14
Let s(d) = d**3 - 2*d - 2. Let n be 6/1*(-2)/(-4). Let p be s(n). Calculate the greatest common divisor of 19 and p.
19
Let r be (2 + 0)/(2/1). Let a = -35 - -42. Calculate the greatest common factor of r and a.
1
Let f = 39 + 9. Calculate the highest common divisor of f and 72.
24
Suppose 3*b + 20 - 59 = 0. What is the greatest common factor of 13 and b?
13
Let d(r) = 15*r**3 + 2*r**2 - 1. Let w be d(1). Suppose 0 = p - 8 + 4. What is the greatest common divisor of w and p?
4
Suppose 2*k - 4*k + 20 = -5*f, -2*k + 4*f = -18. Suppose 82 = 6*p - 3*p - 5*a, -a - 100 = -k*p. Calculate the greatest common divisor of p and 38.
19
Let d(m) = m - 1. Let t be d(-11). Let h be (-150)/9*t/8. Calculate the highest common divisor of 150 and h.
25
Let s be 2/(-6) - (-2)/6. Let d be (12 + s)/(-2 - -4). What is the greatest common factor of d and 12?
6
Let q(z) = 10*z**2 - 2. Let t be q(-1). Calculate the highest common factor of t and 28.
4
Suppose 0 = -12*w + 11*w + 3. Suppose 4*r - j = 48, 0 = -2*r + j - w*j + 14. Let x(b) = -7*b - 9. Let o be x(-6). What is the greatest common factor of o and r?
11
Suppose -5*c + 50 = 4*p, -c - p + 7 = -4. Let u be (-16)/80 - (-31)/5. What is the greatest common divisor of u and c?
6
Suppose 2*y - 6*v - 12 = -3*v, -y = -4*v - 6. Suppose 18 = 4*s - 6. Calculate the greatest common factor of y and s.
6
Let n = 21 - -5. What is the greatest common factor of n and 39?
13
Let j(a) = 5*a**3 - 2*a**2 - 3*a + 3. Let v be j(1). What is the highest common divisor of v and 54?
3
Let x(k) = -k**2 - 5*k + 17. Let j be x(-7). What is the greatest common factor of j and 27?
3
Suppose -4*w - 3 - 1 = 0. Let y = 5 + w. Calculate the highest common factor of y and 8.
4
Suppose -8 = -2*n, -s + n + 6 + 5 = 0. Let p = 231 + 190. Suppose 2*l - p + 121 = 0. What is the highest common divisor of l and s?
15
Suppose -8 = -5*n + 22. Let b(g) = g**3 - 6*g**2 + 2*g - 8. Let l be b(n). Suppose -l*u = -15 - 21. What is the greatest common divisor of u and 36?
9
Suppose 4*p - 176 = -7*p. Calculate the greatest common divisor of 24 and p.
8
Suppose -13 = -4*d - 1. Let r(w) = w**3 + 5*w**2 - 2*w + 5. Let k be r(-5). Calculate the greatest common factor of d and k.
3
Let b(f) = 0*f - 5*f + 7*f**3 + 2*f - 3*f**2. Let r be b(3). Suppose 0 = 16*u - 13*u - 51. Calculate the greatest common divisor of r and u.
17
Let a be (385/220)/(9/8 + -1). Calculate the greatest common factor of a and 35.
7
Let u be 614/(-9) - (-4)/18. Let v = -316 - -212. Let x = u - v. Calculate the highest common factor of x and 9.
9
Let x be 48*(-2 + (-5)/(-2)). Suppose 0 = 3*m + 57 - 165. Calculate the highest common divisor of x and m.
12
Let q(r) = 21*r + 1. Let z be q(-2). Let a be z/(-5) + (-3)/15. Let o = a + -5. Calculate the greatest common divisor of o and 21.
3
Let q be 20*((-2)/(-12) - (-43)/30). What is the greatest common factor of 96 and q?
32
Let o = 7 + -2. Suppose -3*c + 17 - o = 0. Suppose -4*t - 52 = -4*l, -5*l + 2*t + 62 = -2*t. What is the greatest common factor of c and l?
2
Suppose 5*j + 4 = -g - 4, 4*g - 40 = -2*j. Calculate the highest common divisor of 30 and g.
6
Suppose -4*o + 1 = 5*q, 4*o = q - 5*q. Let w = o - -15. Let j be (-32)/(-4) + 1 + -2. What is the highest common divisor of j and w?
7
Let i(g) = g**3 + 12*g**2 - 15*g - 11. Let t be i(-13). Calculate the highest common factor of t and 165.
15
Let w = -279 + 9. Let r be (-2)/(-7) - w/35. Calculate the greatest common divisor of 1 and r.
1
Suppose 0 = 2*a - a + g - 31, 2*a = -5*g + 59. What is the greatest common factor of a and 256?
32
Let f = 124 + 99. Let n = f + -133. What is the greatest common divisor of n and 10?
10
Let v(p) = p + 18. Let y(d) = -d - 18. Let i(s) = -2*v(s) - 3*y(s). Let a be i(-9). Calculate the greatest common divisor of 9 and a.
9
Let l be 774/6 + -1*1. Suppose -q - p + l = 3*p, -5*p = 2*q - 265. Calculate the highest common factor of 35 and q.
35
Suppose 0 = -8*a + 103 - 23. Calculate the greatest common divisor of a and 2.
2
Suppose -5*h + 0*h + 200 = 0. Let j be ((-3)/((-9)/138))/1. Suppose -x = 5*u - 36, 5*x - 54 = -5*u + j. Calculate the highest common factor of x and h.
8
Let g(n) = -8*n + 32. Let c be g(-2). What is the greatest common divisor of c and 36?
12
Suppose m - 40 = -4*m. Suppose 5*s - 2 = m. Suppose -12 = -5*i + 3*i. What is the highest common factor of s and i?
2
Let i = -81 - -87. What is the highest common divisor of 2 and i?
2
Let f(m) = 8*m - 10. Let n(d) = -d + 1. Let x(y) = -f(y) - 6*n(y). Let q be x(-4). Calculate the greatest common divisor of q and 4.
4
Let o(u) = u + 7. Let l be o(-5). Suppose -l*d + 15 = 3*d, 98 = 4*z - 2*d. Calculate the greatest common factor of z and 65.
13
Let n = -8 - -12. Let c be 